, 5, 34511
List the prime factors of 1014274.
2, 507137
List the prime factors of 1957447.
211, 9277
What are the prime factors of 422881?
422881
List the prime factors of 17705279.
17, 613, 1699
What are the prime factors of 361178?
2, 419, 431
List the prime factors of 249606.
2, 3, 7, 283
What are the prime factors of 3723110?
2, 5, 372311
What are the prime factors of 185752?
2, 7, 31, 107
List the prime factors of 402685.
5, 80537
What are the prime factors of 253293?
3, 84431
What are the prime factors of 7908696?
2, 3, 109843
What are the prime factors of 7858427?
7858427
What are the prime factors of 1370639?
23, 2591
List the prime factors of 718901.
718901
What are the prime factors of 965585?
5, 113, 1709
List the prime factors of 18473373.
3, 17, 167, 241
List the prime factors of 229302.
2, 3, 12739
What are the prime factors of 202183?
202183
List the prime factors of 21509263.
101, 173, 1231
What are the prime factors of 503387?
17, 29611
What are the prime factors of 117019?
7, 73, 229
What are the prime factors of 5876635?
5, 271, 4337
What are the prime factors of 649801?
649801
What are the prime factors of 629141?
89, 7069
List the prime factors of 1755394.
2, 127, 6911
List the prime factors of 10779.
3, 3593
List the prime factors of 73179.
3, 47, 173
What are the prime factors of 5288373?
3, 37, 15881
What are the prime factors of 1057109?
521, 2029
What are the prime factors of 107707?
37, 41, 71
What are the prime factors of 17434?
2, 23, 379
What are the prime factors of 10972?
2, 13, 211
What are the prime factors of 22775339?
22775339
What are the prime factors of 509707?
11, 46337
What are the prime factors of 136474?
2, 13, 29, 181
What are the prime factors of 2345?
5, 7, 67
What are the prime factors of 17692276?
2, 7, 631867
What are the prime factors of 50647?
50647
What are the prime factors of 13342148?
2, 3335537
What are the prime factors of 224624?
2, 101, 139
List the prime factors of 494649.
3, 17, 53, 61
What are the prime factors of 1083486?
2, 3, 89, 2029
What are the prime factors of 237751?
23, 10337
List the prime factors of 16147627.
16147627
What are the prime factors of 12952829?
53, 244393
List the prime factors of 38174639.
17, 37, 137, 443
List the prime factors of 26509084.
2, 7, 946753
What are the prime factors of 415929?
3, 19, 7297
List the prime factors of 833141.
29, 28729
List the prime factors of 26831111.
26831111
List the prime factors of 4936251.
3, 1645417
List the prime factors of 471701.
569, 829
What are the prime factors of 320444?
2, 80111
List the prime factors of 27401045.
5, 7, 97, 1153
What are the prime factors of 384520?
2, 5, 9613
List the prime factors of 2767942.
2, 509, 2719
List the prime factors of 451699.
451699
What are the prime factors of 452518?
2, 11, 67, 307
List the prime factors of 2922865.
5, 11, 19, 2797
What are the prime factors of 757812?
2, 3, 11, 5741
What are the prime factors of 5094034?
2, 11, 231547
What are the prime factors of 1612882?
2, 337, 2393
List the prime factors of 3634104.
2, 3, 53, 2857
List the prime factors of 920651.
920651
List the prime factors of 151046.
2, 7, 10789
What are the prime factors of 412832?
2, 7, 19, 97
List the prime factors of 4417039.
11, 281, 1429
What are the prime factors of 163978?
2, 163, 503
What are the prime factors of 3541087?
11, 19, 16943
List the prime factors of 2083775.
5, 17, 4903
What are the prime factors of 2189020?
2, 5, 109451
List the prime factors of 4452299.
523, 8513
What are the prime factors of 4974291?
3, 7, 31, 283
List the prime factors of 1998782.
2, 97, 10303
List the prime factors of 10796505.
3, 5, 353, 2039
List the prime factors of 1041389.
89, 11701
What are the prime factors of 251544?
2, 3, 47, 223
List the prime factors of 3681436.
2, 11, 31, 2699
What are the prime factors of 1201591?
31, 83, 467
List the prime factors of 2951187.
3, 631, 1559
List the prime factors of 455517.
3, 16871
List the prime factors of 172699.
373, 463
What are the prime factors of 675646?
2, 499, 677
List the prime factors of 325231.
325231
What are the prime factors of 1892070?
2, 3, 5, 21023
List the prime factors of 17511441.
3, 23, 253789
List the prime factors of 207430.
2, 5, 20743
List the prime factors of 27987764.
2, 7, 999563
What are the prime factors of 5081362?
2, 11, 13, 109, 163
List the prime factors of 586529.
109, 5381
List the prime factors of 520273.
13, 31, 1291
What are the prime factors of 22419589?
173, 129593
What are the prime factors of 19401362?
2, 131, 74051
List the prime factors of 16062594.
2, 3, 2677099
What are the prime factors of 367402?
2, 7, 23, 163
What are the prime factors of 11703321?
3, 7, 185767
List the prime factors of 2171942.
2, 1085971
What are the prime factors of 2256846?
2, 3, 47, 53, 151
List the prime factors of 35293357.
11, 1433, 2239
What are the prime factors of 651320?
2, 5, 19, 857
What are the prime factors of 7457706?
2, 3, 409, 1013
List the prime factors of 966646.
2, 483323
List the prime factors of 602963.
47, 12829
List the prime factors of 14383059.
3, 4794353
What are the prime factors of 4451742?
2, 3, 23, 10753
What are the prime factors of 412120?
2, 5, 10303
What are the prime factors of 491622?
2, 3, 81937
What are the prime factors of 225672?
2, 3, 9403
List the prime factors of 1203768.
2, 3, 5573
List the prime factors of 5152457.
5152457
What are the prime factors of 97180?
2, 5, 43, 113
What are the prime factors of 717820?
2, 5, 19, 1889
List the prime factors of 326822.
2, 163411
What are the prime factors of 260136?
2, 3, 3613
List the prime factors of 1783181.
17, 29, 3617
List the prime factors of 483949.
19, 25471
List the prime factors of 3693239.
11, 19, 41, 431
List the prime factors of 16030016.
2, 41, 149
What are the prime factors of 627668?
2, 37, 4241
List the prime factors of 164616.
2, 3, 19
What are the prime factors of 240173?
240173
What are the prime factors of 1407148?
2, 61, 73, 79
What are the prime factors of 1173893?
7, 23957
List the prime factors of 1024982.
2, 7, 10459
What are the prime factors of 152686?
2, 76343
List the prime factors of 3377328.
2, 3, 71, 991
What are the prime factors of 67307?
67307
List the prime factors of 2488885.
5, 7, 17, 47, 89
List the prime factors of 39475.
5, 1579
What are the prime factors of 1704324?
2, 3, 109, 1303
What are the prime factors of 147989?
83, 1783
List the prime factors of 408091.
408091
List the prime factors of 3677324.
2, 7, 61, 2153
List the prime factors of 162354.
2, 3, 27059
List the prime factors of 1168065.
3, 5, 101, 257
What are the prime factors of 5429464?
2, 31, 21893
List the prime factors of 259779.
3, 13, 6661
List the prime factors of 1780536.
2, 3, 74189
List the prime factors of 7084677.
3, 41, 239, 241
What are the prime factors of 581380?
2, 5, 41, 709
What are the prime factors of 316046?
2, 19, 8317
List the prime factors of 1488959.
1488959
List the prime factors of 569498.
2, 284749
What are the prime factors of 14170779?
3, 7, 43, 5231
What are the prime factors of 1147687?
17, 67511
What are the prime factors of 1367400?
2, 3, 5, 43, 53
What are the prime factors of 281845?
5, 56369
List the prime factors of 1268954.
2, 31, 97, 211
List the prime factors of 27987913.
27987913
List the prime factors of 3378012.
2, 3, 11, 157, 163
List the prime factors of 2345635.
5, 469127
List the prime factors of 5532.
2, 3, 461
What are the prime factors of 1682587?
31, 54277
List the prime factors of 443423.
443423
What are the prime factors of 8784645?
3, 5, 585643
What are the prime factors of 243599?
19, 12821
What are the prime factors of 21675979?
13, 19, 127, 691
List the prime factors of 12929.
7, 1847
What are the prime factors of 475621?
475621
List the prime factors of 933847.
933847
List the prime factors of 1171532.
2, 109, 2687
List the prime factors of 1942315.
5, 37, 10499
List the prime factors of 2289565.
5, 457913
What are the prime factors of 2880474?
2, 3, 23, 20873
What are the prime factors of 251109?
3, 27901
What are the prime factors of 1933540?
2, 5, 7, 1973
List the prime factors of 2217021.
3, 17, 29, 1499
List the prime factors of 4028445.
3, 5, 89521
List the prime factors of 1466642.
2, 7